
7
Let o = -690 + 694. Let w(x) = x**2 - 2*x + 7. Determine w(o).
15
Let s(c) = 11*c**3 - 9*c**2 + 11. Let w(b) = 5*b**3 - 4*b**2 + 5. Let u(n) = 4*s(n) - 9*w(n). Let a be (0/(-2))/(2/(-1)). Suppose p + p = a. What is u(p)?
-1
Let p(r) be the second derivative of -r**4/12 - 7*r**3/6 - 7*r**2/2 + 8*r - 6. What is p(-7)?
-7
Let q = 41 + -35. Let t be -4*(-1)/8*q. Let z(w) = 3*w - 4. Determine z(t).
5
Let i(x) = 0*x**2 + 2*x**2 - x + 3*x**3 + 4 - 2*x**3 + 0*x**3. Suppose -9*y + y = -48. Let f = 3 - y. Give i(f).
-2
Let m(j) = j - 2. Let f be m(-5). Let i(c) = 3*c - 1. Let p(d) = -4*d + 2. Let u(h) = f*i(h) - 6*p(h). Determine u(4).
7
Let c(k) = 37*k**2 + 18*k - 14. Let l(b) = 13*b**2 + 6*b - 5. Let a(p) = -6*c(p) + 17*l(p). Determine a(-6).
-1
Let h(n) = -n**3 + 8*n**2 + 2*n - 10. Suppose -2*c = 2 - 18. Calculate h(c).
6
Let f be (-16)/5*(-10 - 0). Let u(s) = 34 + 2*s - 3*s - f. Calculate u(2).
0
Suppose -3*v + 15*s - 16*s = 16, 2*v = 5*s + 12. Let u(x) = x + 4. What is u(v)?
0
Let d(w) = 44*w**3 - 34*w**2 + 295*w + 3. Let k(i) = -15*i**3 + 12*i**2 - 104*i - 1. Let m(g) = 6*d(g) + 17*k(g). Let q be -1 + 1 + (-2 - -1). Determine m(q).
-10
Let k(j) = -2*j**3 + 0*j**2 - j**2 + 2 + 4*j**2 + 3*j**3 - 5*j. Let z be (-8)/6 + (-16)/6. Calculate k(z).
6
Let r(u) = -2*u + 1. Let y be 9/(-4) - 9/(-36). Calculate r(y).
5
Let n(s) = s**2 - 15*s - 10. Let u(a) = a**2 + a + 1. Let v(y) = n(y) - 2*u(y). Determine v(-16).
4
Let i(v) = -13*v - 1. Suppose -60 = -2*c - 2*c. Let k = -4 + c. Let x = k - 12. Give i(x).
12
Let j(n) = n**3 + 6*n**2 + 4*n - 2. Let v(g) = 67*g + 1 - 127*g + 58*g. Let q be (-2)/11 + (-70)/(-22). Let z be v(q). What is j(z)?
3
Let o(y) = -3*y + 17*y + 143 + 149 - 291. Give o(-1).
-13
Let m(r) be the third derivative of -r**4/24 + r**3/6 - 8*r**2. Let d(b) = -6*b - 3. Let h(y) = -d(y) + 4*m(y). Give h(6).
19
Let v(s) = s**3 - 3*s**2 - 4*s + 3. Let z = -21 - -34. Let t = 12 - z. Let a = t + 5. Calculate v(a).
3
Suppose -h + 26 = 2*a, -3*a + 3*h = 2*h - 34. Let j = -16 + a. Let v(g) = 2*g**2 + 3*g + 4. Determine v(j).
24
Suppose 2*w + 6*x - x = 6, -4*w + 2*x - 12 = 0. Let p(r) be the third derivative of -5*r**4/24 + r**3/3 + r**2 + 17. What is p(w)?
12
Suppose -l - 5*d = -0*l + 12, 2*d = -2*l - 16. Let o(r) be the second derivative of -r**3/6 - 3*r**2/2 - 149*r - 2. Give o(l).
4
Let d(k) = -3*k + 18*k + 7*k**2 - 7*k + k**3 - 4*k + 2 - 11*k. What is d(-8)?
-6
Let a(b) = 6*b + 4 + 2 + 4*b - 13*b + 8*b. Determine a(-3).
-9
Let n(k) be the first derivative of -k**2/2 + k + 6. Let a(d) = -d**3 + 4*d**2 - d + 1. Let c be a(3). Determine n(c).
-6
Let l(i) = 3*i**2 - 4*i**2 + 32 + 55*i**3 + 4*i**2 - 54*i**3 - 26 - 3*i. Calculate l(-4).
2
Let m(y) = 4*y. Suppose -10*t - 109 = -99. Determine m(t).
-4
Let z(x) = -5*x + 4*x + 1 + 0*x + 2*x. Let m(c) = -c**2 + 10*c - 12. Let i be m(10). Let q = 12 + i. Calculate z(q).
1
Suppose -13*x + 0 = -52. Suppose -42 = 3*i + x*i. Let j(n) = -n**2 - 7*n - 5. Determine j(i).
1
Let l(q) = q**3 + 6*q**2 - 7. Suppose 14*w - 12*w - 4*x - 8 = 0, 0 = -w + 4*x + 14. Calculate l(w).
-7
Let t(p) = -5*p**2 - 24*p + 36. Let h be t(-6). Let y(d) be the third derivative of -1/60*d**5 - d**3 + 7*d**2 + h + 7/24*d**4 + 0*d. What is y(7)?
-6
Let i be 6/5*(6 - 1). Let a(w) = 67*w**2 - 9 - 31*w**2 + 10*w - 2*w - 37*w**2. Calculate a(i).
3
Let o(i) = i + 8. Let m(p) = p**2 + 16*p - 12. Let l be m(-16). Determine o(l).
-4
Let c be 1/((-2)/(-2)) - (-448)/112. Let n(d) = -d**3 + 6*d**2 - 5*d + 4. Determine n(c).
4
Let d(n) be the first derivative of -2*n**2 - 5*n + 47. What is d(-4)?
11
Let g(h) be the second derivative of h**5/20 - 5*h**4/12 + h**3 - 3*h**2/2 - 3*h. Let j = 4 + 0. Give g(j).
5
Let v(s) = s**2 - 7*s - 1. Let b(w) = -w + 7. Let o be b(-5). Let d be -2 + 3 - o/(-3). Suppose -6*p + 6 = -d*p. What is v(p)?
-7
Let r(f) = 5*f**2 - 8*f + 7. Let b(u) = 14*u**2 - 22*u + 19. Let j(h) = 4*b(h) - 11*r(h). Let y be (11 - 13)*1/(-2). Calculate j(y).
0
Let c(g) = -g + 5. Suppose -154*p = -156*p + 8. Suppose -m - p = x, 21 = -7*x + 2*x - 4*m. Determine c(x).
10
Let y(v) = 20*v - v**3 + 0*v + 0*v**3 - 1 - 5*v**3 - 21*v. Give y(-1).
6
Let a(f) = f**2 - 2*f - 1. Suppose -5 = -5*i + q, i - 5*i + 4 = -5*q. Let y(v) be the first derivative of -v**3 + v**2 + 3. Let x be y(i). What is a(x)?
2
Let a(p) = 1 + 2*p + 2*p**2 - p - 3*p**2 - 4*p. Give a(-5).
-9
Let x(m) = -2*m**2 - 25*m - 9. Let n be x(-12). Let i(t) = -4*t**2 + n*t + 6 - 2*t - 7 + 2*t - t**3. Let d be -5*(-2)/(-3 - -1). What is i(d)?
9
Suppose 10 = 3*n - 2. Let m(s) = -5*s**2 - s - 3. Let z(o) = -2*o**2 - o - 2. Let v(w) = -3*m(w) + 7*z(w). Calculate v(n).
-5
Let g(y) = -y**3 + 36*y**2 - 69*y + 43. Let w be g(34). Let m(v) = -v**3 + 9*v**2 - v + 7. Give m(w).
-2
Let w(p) = 2*p**2 + p + 5. Let y(o) = -10*o**2 - o - 8. Let f(m) = 4*w(m) + y(m). Determine f(-2).
-2
Let b be -38*(6/14)/((-4)/14). Let d = -63 + b. Let x(i) = i**2 + 7*i - 1. Calculate x(d).
-7
Let y be ((-3)/4)/(-1) + 425/100. Let h(o) = 2*o - 5. Give h(y).
5
Let q(s) be the first derivative of s**3/3 + 6*s**2 + 9*s + 18. Suppose 4*m - 2*g - 2*g = -24, -g - 34 = 3*m. Determine q(m).
-11
Let c(l) = -l**3 + l**2 - l. Let x = -10 - -11. Let q be c(x). Let g(a) = -6 - a**2 - a + 5 - 6*a**3 + a**3 + 4*a**3. Determine g(q).
0
Let g(h) be the third derivative of h**6/120 - h**5/30 + h**4/12 + h**3/6 + h**2. Let p be (5 - -1 - 8)/(-1). Determine g(p).
5
Suppose 2*i + r = -2*i + 35, -5*i - r = -43. Let d = i - 2. Let q(w) be the third derivative of -w**6/120 + 7*w**5/60 - 7*w**4/24 - 304*w**2. Calculate q(d).
-6
Let b(i) = -8*i - 2 - 3*i**2 + 4 - i + 4. What is b(-4)?
-6
Let r(j) = 14*j - 10. Let i(x) = 5*x - 3. Let y(q) = 8*i(q) - 3*r(q). Calculate y(-6).
18
Let s(k) = -4*k**3 + 8*k**2 + 3*k - 10. Let u(j) = j**3 + 2*j**2 - 2. Let n(m) = -s(m) - 3*u(m). Calculate n(14).
-26
Suppose -3*o - 3*n + 3 = 0, -6*n + 4*n = -3*o - 12. Let x(c) = -5*c + 1. Give x(o).
11
Let i be (-2 - (-45)/3)/((-2)/(-4)). Let s = -30 + i. Let n(v) = -v**3 - 6*v**2 - 4*v + 4. Give n(s).
-12
Let i(l) = 4*l - 1. Let v(y) = y**2 - 4*y - 2. Let o be v(5). Let h(f) be the first derivative of 2*f**2 - f + 5. Let x(a) = o*i(a) - 2*h(a). Determine x(-1).
-5
Suppose -v - 8 = -0. Let x(a) = -a**2 - 2*a + 12*a**2 - 1 - 3*a**2 + a**3. Give x(v).
15
Let n(q) = 8*q + 59. Let t be n(-7). Let b(a) = a**2 - 2*a + 2. Calculate b(t).
5
Let d(a) be the third derivative of a**5/60 - a**4/12 + 99*a**2. Calculate d(4).
8
Let i(z) = -z + 3. Let a(p) = p + 3. Let u be a(2). Suppose u*q + 11 = -4*w - 2, 0 = 2*w - 6. Let l = -12 - q. Determine i(l).
10
Let x(u) = -5*u**3 - 8*u**2 + 2*u + 13. Let n(l) = -2*l**3 - 4*l**2 + l + 6. Let d(i) = 7*n(i) - 3*x(i). What is d(3)?
-3
Let b(v) = -v**3 + 408*v + v**2 + 6*v**3 - 407*v. Calculate b(-1).
-5
Suppose 5*l - 6 = 2*y + 31, -4*y + 1 = 5*l. Let v(q) = q**2 + 6*q - 8. Determine v(y).
-8
Let d(j) = -2*j + 9. Let r be d(6). Let i(h) = -h**2 - 6*h + 21. Let t(y) = y**2 + 6*y - 32. Let m(p) = 3*i(p) + 2*t(p). Determine m(r).
8
Let c(w) be the third derivative of -w**5/120 - w**4/12 + 5*w**3/3 + 12*w**2. Let l(z) be the first derivative of c(z). Calculate l(-5).
3
Let l(p) = -2*p**3 - 14*p**2 - 5*p + 40. Let d be l(-6). Let w(b) = -9*b**3 + 2*b**2 + 2*b + 2. What is w(d)?
78
Let p(o) = -1076*o - 3*o**2 + 4*o**2 + 1077*o - 2*o**2 - 6. Give p(0).
-6
Let y(n) = -n**3 - 6*n**2 - 8*n - 17. Suppose -9 = 2*f - g, -5*f - 3*g = -9*f - 17. Let q be y(f). Let k(z) = -z - 2. What is k(q)?
0
Let s(d) be the second derivative of -d**5/20 + d**4/4 + 2*d**3/3 + 15*d + 1. Determine s(4).
0
Let j(m) = -4*m**3 + 3*m**3 - 3*m**2 - 3 + 5. Let t(s) be the second derivative of -s**3/6 - 5*s**2 + 2*s. Let g be t(-8). Determine j(g).
-2
Let z(o) = -2*o - 1. Let n be 1/((42/105)/((-6)/(-5))). Let d(p) = p. Let m(h) = 2*h. Let c(w) = 10*d(w) - 6*m(w). Let q(u) = n*z(u) - 2*c(u). Calculate q(-3).
3
Let k be -12 - 15*18/(-27). Let l(v) = 4*v**3 + 3*v**2 + 3*v + 2. Calculate l(k).
-24
Let u(s) = s**2 + 11*s + 11. Let l be u(-10). Let x be (-2)/(-10) + l*(-5)/25. Let d(n) = n**3 - n**2 - n + 2. Calculate d(x).
2
Let h(z) = -4*z**2 - 6*z. Let y be h(-2). Let p(w) = -w**3 - 4*w**2 + 4*w + 6. Determine p(y).
-10
Let b(c) = c**2 - 8*c - 12. Suppose 29*z - 306 = -5*z. Calculate b(z